5 a factor of 276708?
False
Is 37 a factor of 14032435?
True
Does 178 divide 9737027?
False
Does 3 divide 518857?
False
Does 94 divide 5329231?
False
Is 486235 a multiple of 213?
False
Does 13 divide 6691217?
True
Is 18 a factor of 1853743?
False
Is 137070 a multiple of 5?
True
Is 2133 a factor of 4541644?
False
Does 145 divide 169784?
False
Does 313 divide 566217?
True
Is 81 a factor of 671718?
False
Does 329 divide 353675?
True
Is 4 a factor of 3027?
False
Does 12 divide 72979?
False
Does 7 divide 89880?
True
Is 18227 a multiple of 19?
False
Does 158 divide 159422?
True
Is 75052 a multiple of 38?
False
Does 385 divide 1154230?
True
Does 221 divide 412386?
True
Does 84 divide 199198?
False
Is 434 a factor of 731775?
False
Does 23 divide 30217538?
True
Does 316 divide 82160?
True
Does 423 divide 781704?
True
Is 452486 a multiple of 5?
False
Is 51 a factor of 8435789?
False
Is 2133224 a multiple of 776?
True
Does 20 divide 143477?
False
Is 171325 a multiple of 55?
True
Is 7057827 a multiple of 389?
False
Is 8 a factor of 29967?
False
Does 88 divide 68945?
False
Is 126709 a multiple of 43?
False
Is 1060292 a multiple of 556?
True
Is 839 a factor of 2293021?
False
Is 10 a factor of 21670?
True
Is 13 a factor of 67630?
False
Is 76 a factor of 1453500?
True
Is 201600 a multiple of 448?
True
Is 1025517 a multiple of 23?
False
Is 51 a factor of 15019386?
False
Does 31 divide 258879?
False
Is 171 a factor of 66519?
True
Does 8 divide 8858?
False
Does 18 divide 35740?
False
Is 167012 a multiple of 43?
True
Does 50 divide 439357?
False
Is 79 a factor of 55774?
True
Is 86 a factor of 70348?
True
Is 950292 a multiple of 325?
False
Does 672 divide 568512?
True
Is 30008 a multiple of 11?
True
Is 3774 a multiple of 102?
True
Does 478 divide 720068?
False
Is 13 a factor of 3560336?
True
Does 8 divide 4612499?
False
Is 55965 a multiple of 42?
False
Is 33040 a multiple of 7?
True
Is 27848 a multiple of 7?
False
Is 51446 a multiple of 6?
False
Is 35251 even?
False
Is 1409064 a multiple of 2?
True
Does 133 divide 1393380?
False
Does 43 divide 20949170?
True
Is 284374 a multiple of 31?
False
Is 4294802 a multiple of 53?
True
Is 49 a factor of 1911784?
True
Is 769 a factor of 10807883?
False
Does 217 divide 1989890?
True
Is 113 a factor of 1468880?
False
Is 336303 a multiple of 79?
True
Is 141820 a multiple of 140?
True
Is 494 a factor of 3249038?
True
Is 9 a factor of 947645?
False
Does 32 divide 21088?
True
Is 140 a factor of 21231?
False
Does 639 divide 1081827?
True
Is 13 a factor of 5378204?
True
Is 13575399 a multiple of 393?
True
Does 19 divide 5809040?
False
Is 77546 a multiple of 58?
True
Does 12 divide 315504?
True
Is 3344196 a multiple of 93?
False
Is 3759803 a multiple of 219?
False
Is 52098 a multiple of 2?
True
Is 2646770 a multiple of 35?
True
Does 18 divide 2156206?
False
Is 877005 a multiple of 5?
True
Does 66 divide 23628?
True
Does 134 divide 516997?
False
Is 115498 a multiple of 17?
True
Is 24309 a multiple of 9?
True
Is 12 a factor of 188460?
True
Does 2033 divide 26099107?
False
Is 271030 a multiple of 16?
False
Is 97 a factor of 2529760?
True
Is 7067 a multiple of 5?
False
Is 726619 a multiple of 6?
False
Is 1926690 a multiple of 15?
True
Is 2901152 a multiple of 68?
True
Does 133 divide 65968?
True
Does 30 divide 104430?
True
Is 17 a factor of 12733?
True
Is 24528 a multiple of 3?
True
Is 4 a factor of 141139?
False
Does 12 divide 635017?
False
Is 1322938 a multiple of 51?
False
Is 256001 a multiple of 59?
True
Does 5 divide 22922?
False
Is 310331 a multiple of 297?
False
Does 28 divide 747180?
True
Does 3 divide 13088?
False
Is 5 a factor of 65395?
True
Is 33 a factor of 140052?
True
Is 47 a factor of 2898190?
False
Is 1044492 a multiple of 123?
False
Is 387276 a multiple of 354?
True
Does 689 divide 1683020?
False
Does 120 divide 595424?
False
Is 5168205 a multiple of 21?
True
Does 633 divide 4383525?
True
Is 11006082 a multiple of 31?
False
Is 71 a factor of 1491188?
False
Is 11 a factor of 8675791?
False
Does 30 divide 62993?
False
Is 853 a factor of 1513222?
True
Is 300 a factor of 3587700?
True
Is 17 a factor of 177061?
False
Is 190 a factor of 245058?
False
Does 40 divide 49942?
False
Does 6 divide 2993959?
False
Is 7 a factor of 221913?
False
Is 1624605 a multiple of 115?
True
Is 6429 a multiple of 105?
False
Is 490960 a multiple of 170?
True
Is 32033 a multiple of 103?
True
Is 12566937 a multiple of 859?
False
Is 17 a factor of 1284668?
False
Does 12 divide 200542?
False
Is 279892 even?
True
Does 362 divide 421764?
False
Is 52440 a multiple of 19?
True
Is 297704 a multiple of 187?
True
Is 1206920 a multiple of 65?
True
Does 255 divide 225165?
True
Is 393860 a multiple of 235?
True
Does 42 divide 336933?
False
Does 34 divide 10257358?
True
Is 679669 a multiple of 25?
False
Is 215195 a multiple of 5?
True
Is 255270 a multiple of 53?
False
Does 78 divide 7053458?
False
Is 9 a factor of 593397?
True
Does 1195 divide 5691462?
False
Is 264702 a multiple of 314?
True
Is 61 a factor of 7751397?
False
Is 11 a factor of 214786?
True
Does 12 divide 3737?
False
Is 290169 even?
False
Is 164413 a multiple of 11?
False
Is 73 a factor of 211293?
False
Is 1210191 a multiple of 357?
False
Is 21 a factor of 15834?
True
Is 53014 a multiple of 14?
False
Is 58599 a multiple of 383?
True
Does 863 divide 5764143?
False
Is 1873006 a multiple of 59?
False
Does 165 divide 3629819?
False
Is 93 a factor of 743382?
False
Does 801 divide 894298?
False
Does 127 divide 18161?
True
Does 62 divide 22915?
False
Is 1197 a factor of 5000875?
False
Does 392 divide 150528?
True
Does 11 divide 150491?
True
Is 88 a factor of 598474?
False
Is 716595 a multiple of 102?
False
Is 18 a factor of 2313352?
False
Is 377 a factor of 6419219?
False
Is 354909 a multiple of 131?
False
Is 40086 a multiple of 2?
True
Is 118 a factor of 507754?
True
Is 384728 a multiple of 146?
False
Is 272416 a multiple of 217?
False
Is 348850 a multiple of 53?
False
Is 381645 a multiple of 55?
True
Is 435443 a multiple of 345?
False
Is 338055 a multiple of 5?
True
Does 1149 divide 435442?
False
Is 78365 a multiple of 11?
False
Does 413 divide 11360804?
True
Is 6840027 a multiple of 87?
True
Is 684 a factor of 4092222?
False
Does 68 divide 57241?
False
Is 83 a factor of 280706?
True
Does 157 divide 8813195?
True
Is 921653 a multiple of 47?
False
Does 96 divide 4247712?
True
Is 16 a factor of 107680?
True
Is 980440 a multiple of 13?
False
Is 272 a factor of 1105952?
True
Is 38 a factor of 42256?
True
Is 32 a factor of 255424?
True
Does 154 divide 10219061?
False
Is 351 a factor of 987363?
True
Is 17 a factor of 8253984?
False
Is 54 a factor of 10331703?
False
Is 69569 a multiple of 279?
False
Does 309 divide 340827?
True
Is 3300342 a multiple of 11?
False
Is 3788 a multiple of 157?
False
Is 72 a factor of 54360?
True
Is 95 a factor of 9150590?
True
Does 16 divide 318000?
True
Is 378254 a multiple of 11?
False
Is 178 a factor of 269236?
False
Does 18 divide 61446?
False
Is 100800 a multiple of 70?
True
Is 6430008 a multiple of 52?
True
Does 524 divide 16285421?
False
Is 260977 a multiple of 16?
False
Does 247 divide 57304?
True
Is 68 a factor of 608434?
False
Is 125230 a multiple of 283?
False
Does 417 divide 176270?
False
Is 3079206 a multiple of 78?
True
Does 59 divide 2970886?
True
Does 64 divide 275699?
False
Is 123906 a multiple of 107?
True
Is 1904156 a multiple of 44?
False
Is 8 a factor of 13528?
True
Is 1500365 a multiple of 15?
False
Is 569000 a multiple of 200?
True
Is 17 a factor of 15938477?
False
Does 3 divide 111414?
True
Is 2659398 a multiple of 7?
True
Is 32 a factor of 105686?
False
Is 740 a factor of 713360?
True
Does 27 divide 4927923?
False
Is 55345 a multiple of 4?
False
Is 513 a factor of 192223?
False
Is 3739548 a multiple of 562?
True
Is 3 a factor of 54771?
True
Does 36 divide 29457?
False
Is 3736459 a multiple of 525?
False
Is 422 a factor of 508510?
True
Does 391 divide 2525860?
True
Is 23 a factor of 10902?
True
Is 2792172 a multiple of 6?
True
Does 356 divide 3410124?
True
Is 710556 a multiple of 462?
True
Does 207 divide 213846?
False
Does 25 divide 483456?
False
Is 10163920 a multiple of 116?
True
Is 69863 a multiple of 11?
False
Is 57 a factor of 142160?
False
Does 340